{"version":"1.0","provider_name":"Monde de Fleur","provider_url":"https:\/\/mondedefleur.cafeblog.hu","author_name":"G\u0151g\u00f6s Vanda Vir\u00e1g","author_url":"https:\/\/mondedefleur.cafeblog.hu\/author\/gogos_vanda_virag\/","title":"P\u00e1r avonos \u00fajdons\u00e1g","html":"<a href=\"https:\/\/mondedefleur.cafeblog.hu\/files\/2013\/10\/IMG_20131015_155013.jpg\"><img class=\"aligncenter size-large wp-image-1746\" alt=\"IMG_20131015_155013\" src=\"https:\/\/mondedefleur.cafeblog.hu\/files\/2013\/10\/IMG_20131015_155013-600x450.jpg\" width=\"600\" height=\"450\" \/><\/a>\r\n\r\n&nbsp;\r\n\r\nSziasztok!\r\n\r\nAz el\u0151z\u0151 katal\u00f3gusb\u00f3l vettem p\u00e1r \u0151szi \u00fajdons\u00e1got, aminek m\u00e1r felmelenget\u0151 illata van. Els\u0151 a sorban egy f\u00fcg\u00e9s-van\u00edli\u00e1s<strong> habf\u00fcrd\u0151<\/strong>, aminek isteni az illata \u00e9s nagyon j\u00f3l habzik. Annyira j\u00f3, hogy tal\u00e1n egy kupaknyi m\u00e1r t\u00fal sok bel\u0151le. Az illat\u00e1b\u00f3l nem tudom pontosan kivenni a van\u00edli\u00e1t vagy a f\u00fcg\u00e9t, mindenesetre az \u00f6sszhat\u00e1s fincsi. M\u00e9g a tavalyi szedres-van\u00edli\u00e1sb\u00f3l is van egy kicsi, de igyekszem elfogyasztani \u0151ket :D\r\n\r\nAz \u00faj Naturals \u00faj term\u00e9kei szettben \u00e9rkeztek, ami szok\u00e1sos m\u00f3don<strong> test\u00e1pol\u00f3t, tusf\u00fcrd\u0151t \u00e9s testpermet<\/strong>et foglal mag\u00e1ban. Narancsos-gy\u00f6mb\u00e9res az illatuk , ami a tusf\u00fcrd\u0151ben \u00e9s a test\u00e1pol\u00f3ban hat\u00e1rozottan \u00e9rz\u0151dik, de a testpermet ink\u00e1bb kellemes f\u0171szeres parf\u00fcmre hajaz. Szeretem ezt a term\u00e9kcsal\u00e1dot, ez is a megszokott min\u0151s\u00e9g. A tusf\u00fcrd\u0151 kicsit kr\u00e9mes, j\u00f3l habzik; a test\u00e1pol\u00f3 j\u00f3l hidrat\u00e1l, de nem t\u00fal zs\u00edros. A testpermetet pedig gond n\u00e9lk\u00fcl lehet szobaillatos\u00edt\u00e1sra is haszn\u00e1lni, hamar \u0151szi hangulatot teremt.\r\n\r\n&nbsp;\r\n\r\n<a href=\"https:\/\/mondedefleur.cafeblog.hu\/files\/2013\/10\/\u00faj-al\u00e1\u00edr\u00e1s.jpg\"><img class=\"aligncenter size-full wp-image-1714\" alt=\"\u00faj al\u00e1\u00edr\u00e1s\" src=\"https:\/\/mondedefleur.cafeblog.hu\/files\/2013\/10\/\u00faj-al\u00e1\u00edr\u00e1s.jpg\" width=\"216\" height=\"46\" \/><\/a>","type":"rich"}

Gőgös Vanda Virág

Pár avonos újdonság

<a href="https://mondedefleur.cafeblog.hu/files/2013/10/IMG_20131015_155013.jpg"><img class="aligncenter size-large wp-image-1746" alt="IMG_20131015_155013" src="https://mondedefleur.cafeblog.hu/files/2013/10/IMG_20131015_155013-600x450.jpg" width="600" height="450" /></a>

&nbsp;

Sziasztok!

Az előző katalógusból vettem pár őszi újdonságot, aminek már felmelengető illata van. Első a sorban egy fügés-vaníliás<strong> habfürdő</strong>, aminek isteni az illata és nagyon jól habzik. Annyira jó, hogy talán egy kupaknyi már túl sok belőle. Az illatából nem tudom pontosan kivenni a vaníliát vagy a fügét, mindenesetre az összhatás fincsi. Még a tavalyi szedres-vaníliásból is van egy kicsi, de igyekszem elfogyasztani őket :D

Az új Naturals új termékei szettben érkeztek, ami szokásos módon<strong> testápolót, tusfürdőt és testpermet</strong>et foglal magában. Narancsos-gyömbéres az illatuk , ami a tusfürdőben és a testápolóban határozottan érződik, de a testpermet inkább kellemes fűszeres parfümre hajaz. Szeretem ezt a termékcsaládot, ez is a megszokott minőség. A tusfürdő kicsit krémes, jól habzik; a testápoló jól hidratál, de nem túl zsíros. A testpermetet pedig gond nélkül lehet szobaillatosításra is használni, hamar őszi hangulatot teremt.

&nbsp;

<a href="https://mondedefleur.cafeblog.hu/files/2013/10/új-aláírás.jpg"><img class="aligncenter size-full wp-image-1714" alt="új aláírás" src="https://mondedefleur.cafeblog.hu/files/2013/10/új-aláírás.jpg" width="216" height="46" /></a>
